 prime number?
True
Is 30467 a prime number?
True
Is 32521 prime?
False
Is 56483 a prime number?
False
Is 82883 a prime number?
True
Is 474289 composite?
False
Is 3707 a composite number?
True
Is 32711 composite?
True
Is 525593 a prime number?
True
Is 373 composite?
False
Is 159893 a composite number?
True
Is 851 prime?
False
Is 422 composite?
True
Is 178661 a composite number?
True
Is 170297 composite?
True
Is 40813 prime?
True
Is 160597 composite?
True
Is 10405 a prime number?
False
Is 5053 composite?
True
Is 69371 a composite number?
False
Is 23929 prime?
True
Is 681671 prime?
False
Is 43391 composite?
False
Is 75323 composite?
False
Is 1055771 a composite number?
False
Is 6031 a composite number?
True
Is 639739 prime?
True
Is 1152349 prime?
False
Is 13745 a prime number?
False
Is 9757 a composite number?
True
Is 28777 a prime number?
False
Is 510619 composite?
False
Is 314471 a composite number?
True
Is 47939 a composite number?
False
Is 13901 a prime number?
True
Is 18251 composite?
False
Is 24086 a prime number?
False
Is 77057 a composite number?
True
Is 17401 a prime number?
True
Is 33923 a prime number?
True
Is 4177 prime?
True
Is 38327 composite?
False
Is 321947 a composite number?
False
Is 515969 a composite number?
False
Is 54689 composite?
True
Is 1231 a prime number?
True
Is 1612043 a composite number?
True
Is 23209 composite?
False
Is 10133 a prime number?
True
Is 100903 a prime number?
False
Is 2723 a prime number?
False
Is 1392467 prime?
False
Is 3011 a composite number?
False
Is 1769043 prime?
False
Is 435089 prime?
False
Is 5003 a prime number?
True
Is 160255 a composite number?
True
Is 1097851 a prime number?
True
Is 1049117 a prime number?
True
Is 29747 a composite number?
True
Is 223667 a composite number?
False
Is 9763 a prime number?
False
Is 63347 prime?
True
Is 71789 a prime number?
True
Is 48371 composite?
False
Is 27973 composite?
True
Is 1889 a composite number?
False
Is 268799 composite?
True
Is 13751 composite?
False
Is 7411 a composite number?
False
Is 52653 prime?
False
Is 10831 a composite number?
False
Is 339743 prime?
False
Is 283141 a prime number?
False
Is 27007 composite?
True
Is 3647971 composite?
False
Is 557981 a prime number?
True
Is 588613 a composite number?
True
Is 108929 prime?
True
Is 13261 a composite number?
True
Is 2991 prime?
False
Is 8287 a composite number?
False
Is 331099 a composite number?
False
Is 4033 composite?
True
Is 5435 a composite number?
True
Is 109799 a composite number?
True
Is 4711517 a composite number?
False
Is 326357 composite?
True
Is 1000469 prime?
False
Is 1050653 prime?
False
Is 726893 a prime number?
True
Is 519583 a composite number?
True
Is 11369 composite?
False
Is 173657 prime?
False
Is 3563 a composite number?
True
Is 22377 a prime number?
False
Is 20105 composite?
True
Is 5513 a composite number?
True
Is 123911 a composite number?
False
Is 13705 composite?
True
Is 4567 prime?
True
Is 532397 a composite number?
True
Is 10243 prime?
True
Is 34793 a prime number?
False
Is 1397 a composite number?
True
Is 634 prime?
False
Is 250121 composite?
True
Is 8637 composite?
True
Is 83015 composite?
True
Is 5701 prime?
True
Is 751 a prime number?
True
Is 8141 composite?
True
Is 23099 a composite number?
False
Is 418517 composite?
True
Is 691859 a prime number?
False
Is 291779 composite?
False
Is 48083 composite?
True
Is 42821 composite?
False
Is 3989 prime?
True
Is 72107 a prime number?
False
Is 8539 composite?
False
Is 216509 composite?
False
Is 280729 a prime number?
True
Is 302129 prime?
False
Is 301447 prime?
True
Is 51713 prime?
True
Is 90267 a prime number?
False
Is 2813 a composite number?
True
Is 224881 prime?
True
Is 20701 a composite number?
True
Is 404731 composite?
True
Is 33265 prime?
False
Is 1062103 prime?
False
Is 284989 prime?
True
Is 9227 composite?
False
Is 41719 prime?
True
Is 140159 a composite number?
False
Is 442253 a prime number?
False
Is 31469 prime?
True
Is 265 prime?
False
Is 135703 composite?
True
Is 143197 prime?
True
Is 32869 composite?
False
Is 290203 prime?
False
Is 1959 composite?
True
Is 27611 prime?
True
Is 113483 composite?
True
Is 206699 composite?
False
Is 121229 composite?
False
Is 65677 composite?
False
Is 59263 a composite number?
False
Is 5737 a composite number?
False
Is 6619 composite?
False
Is 4533 prime?
False
Is 219119 a composite number?
False
Is 292033 prime?
False
Is 26965 a prime number?
False
Is 20663 a composite number?
False
Is 240677 composite?
False
Is 158057 composite?
True
Is 461431 composite?
True
Is 4685 prime?
False
Is 520162 composite?
True
Is 8545 a composite number?
True
Is 8907 a composite number?
True
Is 4103 a prime number?
False
Is 247711 composite?
False
Is 24929 a prime number?
False
Is 4143 composite?
True
Is 1833469 composite?
True
Is 877 composite?
False
Is 68702 a prime number?
False
Is 71963 composite?
False
Is 399233 a composite number?
True
Is 282187 a prime number?
False
Is 66905 composite?
True
Is 13853 a composite number?
True
Is 196597 a prime number?
True
Is 188107 a composite number?
False
Is 111721 prime?
True
Is 35491 a composite number?
False
Is 419 prime?
True
Is 66911 a prime number?
False
Is 1283029 prime?
False
Is 27035 prime?
False
Is 3793 composite?
False
Is 101737 a prime number?
True
Is 25697 a prime number?
False
Is 13117 a prime number?
False
Is 146407 a composite number?
False
Is 1901 prime?
True
Is 47001 composite?
True
Is 205019 a composite number?
False
Is 17653 prime?
False
Is 312839 prime?
True
Is 234499 a composite number?
False
Is 36151 a composite number?
False
Is 91759 a composite number?
True
Is 132347 composite?
False
Is 7207 prime?
True
Is 1985 prime?
False
Is 62461 a prime number?
False
Is 46463 composite?
True
Is 147439 prime?
False
Is 676067 a prime number?
False
Is 296665 a prime number?
False
Is 189127 a prime number?
True
Is 611873 prime?
True
Is 5539 a prime number?
False
Is 99563 composite?
False
Is 42793 composite?
False
Is 290947 composite?
True
Is 88743 prime?
False
Is 286403 a composite number?
True
Is 185017 a composite number?
True
Is 68163 composite?
True
Is 27631 a composite number?
False
Is 355483 composite?
False
Is 283193 prime?
True
Is 502 prime?
False
Is 680135 composite?
True
Is 9113 a prime number?
False
Is 1236747 composite?
True
Is 100505 a composite number?
True
Is 543463 a composite number?
False
Is 562091 composite?
False
Is 522809 prime?
False
Is 18187 a composite number?
True
Is 14591 a composite number?
False
Is 49249 composite?
True
Is 619831 a composite number?
False
Is 57313 prime?
False
Is 573 composite?
True
Is 8261 composite?
True
Is 26293 prime?
True
Is 9589 a prime number?
False
Is 15167 prime?
False
Is 34807 a prime number?
True
Is 694409 a composite number?
False
Is 27143 composite?
False
Is 126379 a composite number?
True
Is 96071 a prime number?
False
Is 47699 a prime number?
True
Is 1117 prime?
True
Is 1362697 a prime number?
False
Is 84053 a composite number?
False
Is 72773 a composite number?
True
Is 270901 composite?
True
Is 1187 prime?
True
Is 3131 composite?
True
Is 528107 composite?
False
Is 353237 a prime number?
True
Is 73237 composite?
False
Is 2521 a prime number?
True
Is 17807 composite?
False
Is 3351 composite?
True
Is 19077 a prime number?
False
Is 2531 prime?
True
Is 104441 composite?
True
Is 3163 composite?
False
Is 29059 composite?
False
Is 11383 a composite number?
False
Is 11371 prime?
False
Is 39803 composite?
True
Is 16477 composite?
False
Is 107309 a prime number?
True
Is 94873 a composite number?
False
Is 1636001 a prime number?
True
Is 10577 prime?
False
Is 39541 a prime number?
True
Is 41747 composite?
True
Is 399041 a composite number?
True
Is 9257 composite?
False
Is 6374 composite?
True
Is 7807 a prime number?
False
Is 2605 a composite number?
True
Is 75127 prime?
False
Is 101863 a prime number?
True
Is 1088107 a prime number?
False
Is 69341 a composite number?
False
Is 3491 composite?
False
Is 53817 prime?
False
Is 25567 a prime number?
False
Is 39901 a prime number?
True
Is 5189 a prime number?
True
Is 10391 prime?
True
Is 16123 prime?
False
Is 2606471 a composite number?
True
Is 3073 a composite number?
True
Is 1651183 a prime number?
True
Is 1281029 a prime number?
True
Is 11758 a composit